+ 3*j = -4*l - 56, l = -3*j + 29. Let c = 37 + -25. Suppose -c*t = -l*t + 365. List the prime factors of t.
73
Let i = -26 - -33. Suppose -6*o + i = o. Suppose -n + 55 = 2*c, 5 + o = 2*c. What are the prime factors of n?
7
What are the prime factors of 2*(33160/16 - (3 + 6 + -3))?
4133
Suppose -2 - 111 = -y + 3*r, 4*y - r = 474. Suppose -2*z = -2*o + 114, 3*o - 121 - 34 = -z. Let c = y + o. List the prime factors of c.
2, 43
Let y = -452 - -743. Let p = y - -213. List the prime factors of p.
2, 3, 7
Let w(r) = 2*r**2 - 37*r - 99. Let a be w(21). Suppose 3171 = -a*n + 10167. List the prime factors of n.
2, 11, 53
Let d = -79 - -85. Suppose s = -4*o + 194, 2*o + 3*s + d = 98. What are the prime factors of o?
7
Let o(b) = 33*b**2 + 6*b - 270. What are the prime factors of o(33)?
3, 5, 797
Suppose 2*m = 3*m - 3*m. Let t be 3/(-6) + 618/(-4) + m. List the prime factors of (-459)/(-7) - (t/35 - -4).
2, 3, 11
Let r = 6442 + -483. List the prime factors of r.
59, 101
Let w = -15 + 135. Suppose 34 + 30 = 2*z. Suppose -5*b + 4*j = -j - w, b - z = 3*j. What are the prime factors of b?
2, 5
Let d(z) = -2*z**2 + 4*z - 9. Let l(q) = -5*q**2 + 12*q - 27. Let b(a) = -8*d(a) + 3*l(a). Let k be b(10). Let g = 212 - k. List the prime factors of g.
3
Suppose 15*f = 17*f - 2*g - 13120, 2*f = -3*g + 13090. What are the prime factors of f?
2, 29, 113
Suppose 7*k = 4*k + 2412. Suppose -2*c = -d - k, 3*c - 2*d - 399 = 2*c. What are the prime factors of c?
13, 31
Suppose -7*t + 2*f - 14398 = -11*t, -14433 = -4*t + 5*f. List the prime factors of t.
2, 1801
Let d(b) = 8*b**2 - 10*b - 211. List the prime factors of d(17).
1931
Suppose -22 = -5*t + 2*g, 6*g + 20 = 4*t + 2*g. Suppose -5*f = -6*f + 5*i + 491, -t*f + 1987 = 3*i. What are the prime factors of f?
2, 31
Suppose -165*p = -156*p. What are the prime factors of (-42700)/(-122)*((-6)/(-5) + p)?
2, 3, 5, 7
Suppose 0 = -u + 2*c + 5756, -30*c = 4*u - 35*c - 23027. What are the prime factors of u?
2, 2879
Let n(r) be the first derivative of -54*r**2 - 19*r - 40. What are the prime factors of n(-4)?
7, 59
Let m(p) = -116*p**2 + 2*p + 18838. List the prime factors of m(0).
2, 9419
Suppose -56*c + 61*c = 25. Suppose 4*w - 367 = -t + 189, 0 = -c*w. List the prime factors of t.
2, 139
Suppose -6*v + 11*v = 10030. Suppose 15*q = v + 1039. List the prime factors of q.
7, 29
Let h(r) = -84*r - 125. Let q = 268 - 272. List the prime factors of h(q).
211
Let o(m) = -10*m - 49. Let a be o(0). What are the prime factors of (-4)/(-14) - 23408/a?
2, 239
Let n be (64/(-28))/(14/(-49)). Let j be n/(-6)*(-6)/4. Suppose -j*k - 314 = -812. What are the prime factors of k?
3, 83
Let z = -16 + 99. Suppose -3*t = 2*i - 70, -3*i + z = 3*t - 4*t. Suppose -30*x = -i*x - 97. List the prime factors of x.
97
Let k(s) = 169*s - 3740. List the prime factors of k(55).
5, 11, 101
Suppose -1749 = -6*s + 5*s. Let a = -953 + s. What are the prime factors of a?
2, 199
Suppose 0 = 4*x - 3*j, 5*x + 19*j - 17*j = 0. Suppose -50*f + 46*f + 4388 = x. List the prime factors of f.
1097
Let x = 196 + -197. List the prime factors of -3*(4/x + 4910/(-30)).
503
Suppose 4*w + 129 + 119 = 0. List the prime factors of (-31)/w*(-1 - -1695).
7, 11
Let y = 6 - 1. Let c = -144 - -326. Suppose -2*t - y*t = -c. List the prime factors of t.
2, 13
Let q = 1867 - 613. Suppose -2*z + 2*n = -618, n = -4*z - 4*n + q. List the prime factors of z.
311
Suppose 0 = -f + 7, -48294 + 5253 = -5*o + 2*f. What are the prime factors of o?
79, 109
Suppose -16*d = -13*d. Suppose -5*l + g + 5566 = -d*g, l - 1118 = -g. What are the prime factors of l?
2, 557
Suppose 5*p - 2*b - 3 = 0, 2*p - p + 2*b + 9 = 0. Suppose 46*a - 555 = -873 - 3500. What are the prime factors of (-1 - 0)/p - (a - 9)?
3, 31
Let z(g) = -4729*g**3 - 7*g**2 - 2*g + 4. Let k be z(4). What are the prime factors of k/(-345) - (-1 + 8/5)?
877
Let f = -79986 + 115684. Suppose -10*d - 16*d = -f. List the prime factors of d.
1373
Let d(b) = -2*b + 6. Let a be d(1). Suppose 0 = n - y + 3*y - 303, a*n - y = 1221. List the prime factors of n.
5, 61
Suppose -o - p = -18, 0 = o - 3*o + 2*p + 44. Let d be o + (6/(-1) - (-3 - 1)). What are the prime factors of -6*(-116)/6*27/d?
2, 3, 29
Suppose 0 = 15*p - 7*p - 16. Suppose p*l - 7*l + l = 0. Suppose l*w + 640 = 5*w. List the prime factors of w.
2
Let x = -156 + 170. Suppose -x*u - 13464 = -36*u. List the prime factors of u.
2, 3, 17
Suppose 10*p - 8*p + 136 = 2*j, 3*p = -j - 188. Let b = 182 - p. List the prime factors of b.
2, 3, 41
Let m(a) = -3*a + 5. Suppose -4*b - 5*s = 7, s + 31 + 4 = -5*b. Let j be m(b). Let r = j + -21. What are the prime factors of r?
2
Suppose -4 = -23*p + 22*p. Suppose -p*v + 32 = -3*t, -3*v - 4*t - t = -24. Suppose d + v = 51. List the prime factors of d.
43
Suppose -13*d + 172 - 42 = 0. Suppose 0 = d*a + 827 - 2787. What are the prime factors of a?
2, 7
Let u(m) = 4*m**2 - m - 1. Let y be u(-1). Suppose 0 = y*x - 711 + 147. Suppose -x = -8*w + 5*w. What are the prime factors of w?
47
Let f = 878 + -717. Suppose 4*w + 530 = -2*g, -4*w - 95 = 4*g + 425. Let n = f + w. List the prime factors of n.
2, 13
Let h(y) = 3*y - 14. Let a be h(6). Suppose a + 12 = 4*v. Suppose 2*i - 6*i = v*d - 48, 5*i - 20 = 0. List the prime factors of d.
2
Let s(p) = p**2 - 3*p + 7. Let h be s(-5). Let r = 21 - 17. Suppose -r*a = 3*x - h, x - 2 = -4*a + 3. What are the prime factors of x?
3, 7
Let u(v) = v**3 + 30*v**2 + 15*v + 131. List the prime factors of u(-27).
1913
Suppose 125*x - 2996046 = -28*x. List the prime factors of x.
2, 9791
Let y(z) = 107*z**3 - 4*z**2 + 42*z - 24. What are the prime factors of y(5)?
3, 7, 641
Suppose d - 275 = 37. Let s = 36 + d. List the prime factors of s.
2, 3, 29
Let b be 4 + (-96)/(-2)*4/(-6). Let q(u) = -33*u - 181. What are the prime factors of q(b)?
743
Let q = -150 + 150. Suppose q = -x - 4*w + 699, 2*x + 0*x = 5*w + 1372. What are the prime factors of x?
691
Let j be (-1 - 19 - 2) + -1. Suppose -26*q + 173 = 4*h - 21*q, -94 = -2*h - 4*q. Let g = j + h. What are the prime factors of g?
2, 7
Suppose -9*j - 327600 = -41*j - 3*j. What are the prime factors of j?
2, 3, 5, 13
Let v be 34/(-119) - (-3)/21*13309. Let u = -524 + v. What are the prime factors of u?
3, 17
Suppose 481 = 14*g - 1353. Let l = -38 - -23. Let n = g + l. List the prime factors of n.
2, 29
Suppose 4*d - 4716 = -916. Suppose d = -m - 4*m. List the prime factors of 128/(-80)*m/4.
2, 19
Let h(z) = -57*z - 5. Let c be h(-1). Suppose -3*f - 10*f + c = 0. Suppose -f*w + 1128 - 320 = 4*a, 2*a + 996 = 5*w. What are the prime factors of w?
2, 5
Suppose -9*q = 6*q - 92*q + 2865170. List the prime factors of q.
2, 5, 61
Let k = 4410 - -85. List the prime factors of k.
5, 29, 31
Let p = -122 - -122. Suppose 4*t - 24*t + 30660 = p. What are the prime factors of t?
3, 7, 73
Let f = 50 - -128. Suppose 2*h + f + 538 = 2*i, 4*i = 3*h + 1429. Let p = i + -159. What are the prime factors of p?
2, 7
Let g = 40804 + -20399. List the prime factors of g.
5, 7, 11, 53
Suppose -252*f + 257*f + 2*j - 23502 = 0, 3*f - 14070 = 4*j. What are the prime factors of f?
2, 3, 29
Let d be (3/(-10))/((-3)/5)*742. Suppose 0*z - 5*z = 3*m - 1081, z + d = m. What are the prime factors of m?
367
Let m = 24 + -16. Suppose 0 = 24*o - 1343 + 335. Suppose 110 = m*z - o. What are the prime factors of z?
19
Let n(r) = -1. Let o(z) = 59*z**2 - z - 8. Let h(w) = n(w) + o(w). Let q be h(-3). Suppose 0 = s - 8*s + q. What are the prime factors of s?
3, 5
What are the prime factors of (-3 - -2) + 3540*(-4)/(-4)?
3539
Let q = -284 - -23. Let h be -6*(1 + 2 + 0). List the prime factors of ((-4)/(-2))/(h/q).
29
Let f(g) = -6*g**2 + 19 - 41 - 33*g + 7 + g**3. List the prime factors of f(11).
227
Let r = 50098 + -34988. What are the prime factors of r?
2, 5, 1511
Let k(x) = 46*x - 15. Let c(d) = 48*d - 16. Let t(s) = 5*c(s) - 4*k(s). What are the prime factors of t(5)?
2, 5, 13
What are the prime factors of 13998 + 1 + -12 + 7?
2, 6997
Suppose 0 = -2*y + 4*k - 59 + 623, -y + 240 = 5*k. List the prime factors of y.
2, 3, 5
Let n = -10407 + 26444. List the prime factors of n.
7, 29, 79
Let t(b) be the second derivative of 7*b**3/6 - 20*b**2 - b - 21. Let u be 1 + 2 - (-8)/1. What are the prime factors of t(u)?
37
Suppose 22*c -